6
Let a(w) = -17*w**3 + 943*w**2 + 487*w + 974. Calculate a(56).
22
Let y(c) = 139085*c + 417272. Calculate y(-3).
17
Let f(v) = 3*v**3 + 50*v**2 + 274*v + 697. Determine f(-10).
-43
Let u(v) = 4640*v**2 - 4780*v + 2. Give u(1).
-138
Let k(q) = -259*q - 11137. What is k(-41)?
-518
Let h(w) = -182207*w - 728826. What is h(-4)?
2
Let r(c) = 3*c**3 + 335*c**2 - 1508*c + 411. Calculate r(-116).
411
Let t(o) = -10*o**3 - 4*o**2 + 6*o - 5. What is t(4)?
-685
Let r(i) = 247*i + 7967. Give r(-32).
63
Let r(h) = -106*h**3 + 4*h**2 - 122*h + 118. Calculate r(1).
-106
Let q(s) = 54281*s + 434256. What is q(-8)?
8
Let w(p) = -20*p**2 - 9425*p - 21108. Calculate w(-469).
-3
Let d(v) = -380*v - 3202. What is d(-11)?
978
Let q(z) = 4*z**3 - 3*z**2 + 139*z + 802. Calculate q(-6).
-1004
Let l(y) = -210176*y - 2311757. What is l(-11)?
179
Let x(u) = 2*u**3 - 411*u**2 - 1352*u - 112984. Give x(210).
-4
Let k(z) = 2064333*z + 35093659. What is k(-17)?
-2
Let a(y) = y**2 + 166*y + 3660. Give a(-28).
-204
Let o(h) = -526*h + 117957. Give o(224).
133
Let m(q) = q**3 + 62*q**2 - 218*q - 5477. Calculate m(-64).
283
Let y(o) = -o**3 - 18*o**2 + 918*o - 6092. What is y(9)?
-17
Let q(j) = -3*j**2 - 157*j + 2717. Give q(15).
-313
Let j(k) = -13*k**2 - 4043*k - 27660. Give j(-7).
4
Let b(d) = 127*d + 3067. What is b(-25)?
-108
Let b(l) = 17*l**3 - 1035*l**2 + 203*l - 19849. Give b(61).
-24
Let j(c) = 3479*c**2 - 20878*c + 20. What is j(6)?
-4
Let i(u) = -4*u**3 + 17*u**2 + 1192*u - 6859. Determine i(6).
41
Let y(t) = 3034*t - 166946. Give y(55).
-76
Let r(p) = -76*p - 1941. What is r(-31)?
415
Let a(u) = 116085*u + 2321717. Calculate a(-20).
17
Let d(p) = 73*p + 148. What is d(-6)?
-290
Let l(o) = 2*o**3 - 224*o**2 - 238*o + 1371. Calculate l(113).
15
Let m(d) = 7*d**3 - 1082*d**2 + 414*d + 31107. Give m(154).
-1
Let b(i) = 24*i**3 + 709*i**2 - 294*i - 103. Determine b(-30).
-1183
Let w(n) = 1562*n - 321744. Give w(206).
28
Let j(b) = -3092*b - 14024. Give j(-4).
-1656
Let v(b) = -b**3 - 31*b**2 - 20*b + 221. Give v(-30).
-79
Let w(i) = -8677*i + 1240803. Determine w(143).
-8
Let x(s) = 41*s**3 - 250*s**2 + 12*s + 19. What is x(6)?
-53
Let u(d) = -7922*d + 1893340. Give u(239).
-18
Let p(l) = 10*l**3 - 102*l**2 + 40*l - 1. Give p(11).
1407
Let w(x) = -x**3 - 106*x**2 - 1359*x - 54. Calculate w(-91).
-600
Let k(q) = q**2 - 13082*q + 313528. Determine k(24).
136
Let x(j) = 218*j**2 + 170692*j - 1571. Calculate x(-783).
-5
Let x(q) = 2*q**2 + 961*q + 108992. Determine x(-297).
-7
Let f(g) = 770*g + 15417. Determine f(-20).
17
Let p(n) = -16*n**2 - 9201*n - 152364. What is p(-558)?
-30
Let l(h) = 743*h + 34897. Calculate l(-47).
-24
Let o(y) = -123765*y - 1237656. Give o(-10).
-6
Let v(m) = -m**3 + 41*m**2 - 244*m + 1063. Determine v(35).
-127
Let g(d) = d**2 + 171*d - 111374. What is g(-430)?
-4
Let w(t) = -1755*t + 8985. Determine w(9).
-6810
Let x(u) = 5*u**3 + 173*u**2 + 1530*u + 19. Determine x(-17).
-559
Let o(m) = m**2 + 27382*m + 519852. Determine o(-19).
-45
Let n(k) = k**2 + 1117*k - 438912. Determine n(308).
-12
Let a(x) = -2*x**3 - 124*x**2 + 19*x + 275. What is a(-62)?
-903
Let s(q) = 254*q + 14028. What is s(-53)?
566
Let s(n) = 5*n**2 - 319*n + 4410. Determine s(19).
154
Let g(n) = -56932*n - 512378. Determine g(-9).
10
Let k(j) = -75066*j + 1876691. What is k(25)?
41
Let f(q) = 13*q**2 + 410*q + 3009. Give f(-12).
-39
Let o(i) = 2*i**3 - 149*i**2 - 205*i - 756. Calculate o(76).
992
Let i(x) = -2*x**3 - 3*x**2 - 157*x - 61. What is i(0)?
-61
Let n(o) = -6*o**3 - 514*o**2 + 3495*o + 82. Determine n(-92).
174
Let v(z) = z**3 + 93*z**2 - 602*z + 156. Calculate v(-99).
948
Let j(f) = 968*f + 4671. Calculate j(-6).
-1137
Let t(h) = -625*h**2 + 8116*h - 20. Give t(13).
-137
Let v(g) = 3*g**2 - 191*g - 5509. What is v(-13)?
-2519
Let r(n) = -2*n**3 + 17*n**2 - 294*n - 1037. Give r(-3).
52
Let d(v) = -4*v**2 + 123*v + 833. Determine d(-7).
-224
Let k(m) = m**3 + 79*m**2 + 445*m + 527. What is k(-73)?
16
Let t(b) = 3*b**3 - 763*b**2 + 6799*b - 20. What is t(9)?
1555
Let o(k) = k**2 - 1299*k + 21756. Give o(17).
-38
Let h(a) = -2*a**2 - 183*a + 1843. Give h(9).
34
Let a(s) = -s**2 + 318*s + 133112. Give a(557).
-11
Let q(h) = 108*h + 2565. Give q(-26).
-243
Let f(l) = 3458*l - 69142. What is f(20)?
18
Let j(y) = y**3 - 41*y**2 - 2341*y - 415. Give j(73).
-780
Let c(k) = 4158*k + 78981. Calculate c(-19).
-21
Let p(g) = 111*g**2 + 77587*g - 1395. Determine p(-699).
3
Let z(l) = 9731*l + 574149. What is z(-59)?
20
Let f(s) = -2*s**3 - 217*s**2 + 3290*s - 480. Determine f(-122).
8
Let h(s) = s**3 + 2525*s**2 + 96971*s + 686. What is h(-39)?
23
Let f(g) = g**3 - 16*g**2 - 9936*g - 12. Calculate f(108).
-12
Let y(p) = -215*p**2 - 1942*p - 123. Calculate y(-9).
-60
Let c(p) = -p**2 - 531*p - 45512. Determine c(-108).
172
Let q(d) = -d**3 - 64*d**2 - 747*d + 2580. Determine q(-47).
136
Let t(k) = -38019*k + 59917944. Give t(1576).
0
Let d(m) = -8244*m - 49456. Determine d(-6).
8
Let a(z) = 12568*z + 653547. Calculate a(-52).
11
Let k(b) = 428*b + 64511. What is k(-152)?
-545
Let l(h) = h**2 + 1895*h - 13300. Calculate l(7).
14
Let i(m) = m**3 + 815*m**2 - 4861*m - 412. Calculate i(6).
-22
Let x(i) = -6*i**3 + 118*i**2 + 47*i - 185. Determine x(20).
-45
Let s(z) = -1608*z - 4826. Give s(-4).
1606
Let q(c) = 323640*c + 20065682. Determine q(-62).
2
Let c(v) = -116*v - 23880. Give c(-205).
-100
Let p(v) = -4241*v - 8592279. Calculate p(-2026).
-13
Let s(k) = -3*k**3 - 175*k**2 - 100*k - 1341. What is s(-58)?
1095
Let c(f) = -359*f**2 - 2969*f + 49. What is c(-8)?
825
Let z(w) = 647353*w + 4531503. Give z(-7).
32
Let b(u) = -7*u**3 + 96*u**2 - 385*u + 5751. Give b(14).
-31
Let b(c) = -138*c + 1841. Calculate b(6).
1013
Let d(q) = 4081*q**2 - 477482*q + 583. Determine d(117).
-2
Let t(z) = z**3 - 105*z**2 - 276*z + 2336. Determine t(-6).
-4
Let z(l) = -51*l + 4057. Determine z(104).
-1247
Let t(c) = -7676*c + 1166725. Calculate t(152).
-27
Let o(k) = -20259*k - 8285929. What is o(-409)?
2
Let f(m) = 1389152*m - 1389152. Give f(1).
0
Let o(c) = 2*c**3 - 95*c**2 + 768*c + 489. Calculate o(38).
2237
Let o(u) = 183*u**2 + 6781*u + 159. Determine o(-37).
-211
Let r(j) = 2*j**3 - 127*j**2 - 1385*j + 850. Determine r(-10).
0
Let w(d) = -1625*d - 7670. What is w(-4)?
-1170
Let d(i) = -128*i - 12297. Give d(-88).
-1033
Let l(f) = -6104*f + 42721. Determine l(7).
-7
Let v(p) = -2*p**2 + 365719*p - 4388342. What is v(12)?
-2
Let f(n) = -1871*n + 645494. What is f(345)?
-1
Let i(z) = 3616*z - 68625. Determine i(19).
79
Let a(i) = 16*i**2 + 669*i - 456. Give a(-43).
361
Let b(z) = 2710*z + 39457. Calculate b(-15).
-1193
Let o(w) = w**2 - 140*w - 7796. What is o(-44)?
300
Let f(k) = -4*k**2 + 30*k + 119. Give f(-11).
-695
Let w(f) = -11863*f - 1494927. Calculate w(-126).
-189
Let u(m) = -m**3 + 408*m**2 - 186*m - 90021. Give u(407).
-74
Let g(q) = q**3 + 163*q**2 + 1238*q - 327. Give g(-155).
-17
Let j(g) = -167*g - 77554. Determine j(-466).
268
Let q(k) = 99*k**2 + 803*k + 104. Calculate q(-8).
16
Let n(m) = 2*m**2 - 21*m - 5260. What is n(50)?
-1310
Let v(z) = 427*z + 114088. What is v(-267)?
79
Let q(u) = 27978*u + 2546000. Determine q(-91).
2
Let d(k) = 2*k**3 - 101*k**2 + 57*k - 5565. Calculate d(51).
-57
Let m(o) = -2*o**2 - 57*o + 343. Calculate m(6).
-71
Let o(m) = 2917*m - 110930. Calculate o(38).
-84
Let z(l) = -2*l + 105. Determine z(-4).
113
Let k(s) = -s**3 - 266*s**2 + 238*s - 7745. Give k(-267).
-2
Let a(v) = -11*v**3 + 785*v**2 - 273*v - 475. What is a(71)?
306
Let y(c) = -2134942*c - 14944600. Give y(-7).
-6
Let s(d) = d**3 + 24*d**2 + 94*d - 23. Calculate s(-7).
152
Let b(d) = 3816*d - 17345. What is b(5)?
1735
Let q(y) = -450*y**2 - 556657*y - 8677. Give q(-1237).
-18
Let o(y) = 2019*y - 2537. What is o(1)?
-518
Let c(s) = -49*s**2 - 18*s + 232. Determine c(8).
-3048
Let d(o) = -6505*o + 38973. What is d(6)?
-57
Let k(u) = 234*u + 56879. Calculate k(-240).
719
Let y(w) = w**3 + 39*w**2 + 261*w - 20. Calculate y(-29).
821
Let k(p) = p**3 + 12*p**2 + 115*p + 920. Give k(-10).
-30
Let u(a) = 5*a**2 + 105*a + 129. Calculate u(-5).
-271
Let s(x) = -642*x + 654. Determine s(1).
12
Let g(i) = 2014*i + 20791. What is g(-10)?
651
Let u(n) = -130*n**2 + 1592*n - 27. Give u(12).
357
Le